{"id":6171,"date":"2026-04-15T01:31:56","date_gmt":"2026-04-14T23:31:56","guid":{"rendered":"https:\/\/5bn.at\/?post_type=mec-events&#038;p=6171"},"modified":"2026-04-15T12:36:21","modified_gmt":"2026-04-15T10:36:21","slug":"impulse-fuer-besseres-sehen-workshop-mit-dr-kwesi-und-lina-amadea-597-253","status":"publish","type":"mec-events","link":"https:\/\/5bn.at\/en\/events\/impulse-fuer-besseres-sehen-workshop-mit-dr-kwesi-und-lina-amadea-597-253\/","title":{"rendered":"Warum erkranken Augen &#8211; Hybrid Workshop mit Dr. Kwesi und Linda Amadea"},"content":{"rendered":"<p>&nbsp;<\/p>\n<p><a href=\"https:\/\/5bn.at\/wp-content\/uploads\/2026\/04\/IMG_5087.jpeg\"><img loading=\"lazy\" decoding=\"async\" class=\"alignnone size-medium wp-image-6170\" src=\"https:\/\/5bn.at\/wp-content\/uploads\/2026\/04\/IMG_5087-209x300.jpeg\" alt=\"\" width=\"209\" height=\"300\" srcset=\"https:\/\/5bn.at\/wp-content\/uploads\/2026\/04\/IMG_5087-209x300.jpeg 209w, https:\/\/5bn.at\/wp-content\/uploads\/2026\/04\/IMG_5087-713x1024.jpeg 713w, https:\/\/5bn.at\/wp-content\/uploads\/2026\/04\/IMG_5087-768x1103.jpeg 768w, https:\/\/5bn.at\/wp-content\/uploads\/2026\/04\/IMG_5087-8x12.jpeg 8w, https:\/\/5bn.at\/wp-content\/uploads\/2026\/04\/IMG_5087-575x826.jpeg 575w, https:\/\/5bn.at\/wp-content\/uploads\/2026\/04\/IMG_5087-380x546.jpeg 380w, https:\/\/5bn.at\/wp-content\/uploads\/2026\/04\/IMG_5087-420x603.jpeg 420w, https:\/\/5bn.at\/wp-content\/uploads\/2026\/04\/IMG_5087-800x1149.jpeg 800w, https:\/\/5bn.at\/wp-content\/uploads\/2026\/04\/IMG_5087.jpeg 891w\" sizes=\"auto, (max-width: 209px) 100vw, 209px\" \/><\/a><\/p>\n<p>&nbsp;<\/p>\n<p>Warum erkranken Augen?<span class=\"Apple-converted-space\">\u00a0<\/span><\/p>\n<p>Jenseits der rein k\u00f6rperlichen Symptome verbirgt sich oft eine tiefere, unbewusste Dynamik. Wir bauen in diesem Workshop die Br\u00fccke zwischen klassischer Schulmedizin und tiefgreifenden psychosomatischen sowie energetischen Erkenntnissen.<\/p>\n<p>Die Schwerpunkte des Workshops:<\/p>\n<p>\u2022 Bildaufnahme und Verarbeitung: Augen\u00e4rztliches Verst\u00e4ndnis der Augenfunktionen sowie Erkenntnisse aus dem Visual- und Kognitionstraining.<\/p>\n<p>\u2022 Krankheitsbild: seelische Ursache von Erkrankungen der Augen: \u201eFehl\u201c- Sichtigkeiten, grauer Star, gr\u00fcner Star, Makuladegeneration, Bindehautentz\u00fcndung und -Allergie, Gef\u00e4ssverschl\u00fcsse der Netzhaut.<span class=\"Apple-converted-space\">\u00a0<\/span><\/p>\n<p>\u2022 Selbstbild: Farben des Bewusstseins<\/p>\n<p>\u2022 Zeitbild: Synchronisation &amp; Rhythmus: Astromedizin-wie sich die geburtliche Zeitsituation als Veranlagung f\u00fcr Augenerkrankungen zeigen kann.<\/p>\n<p>\ud83d\udccd Teilnahme vor Ort: \u00d6hringen bei HN S\u00fcddeutschland<\/p>\n<p><span class=\"Apple-converted-space\">\u00a0 \u00a0 \u00a0 <\/span>Oder Online via Zoom\u203c\ufe0f<\/p>\n<p><span class=\"Apple-converted-space\">\u00a0<\/span><\/p>\n<p>Samstag 2.-Sonntag 3. Mai 2026<\/p>\n<p>\ud83d\udcb6 Beitrag: 396,-<span class=\"Apple-converted-space\">\u00a0<\/span><\/p>\n<p>Optional buchbar: Freitag 1. Mai<\/p>\n<p><span class=\"Apple-converted-space\">\u00a0<\/span>\ud83e\udd4119.00 BigDrum-Reise mit D\u00fcften\ud83c\udf3f &amp; HeilStein\ud83d\udc8e mit LindaAmadea<\/p>\n<p>Wir erforschen integrative Wege zur Optimierung der Augenfunktionen im Zusammenspiel von Auge, Gehirn, Emotion &amp; Wahrnehmung.<\/p>\n<p>Kwesi Anan Odum &#8211; Facharzt f\u00fcr Augenheilkunde, psychosomatische Grundversorgung und psychosom. Farbdiagnostik, Visual &amp; Kognitionstrainer, Astromedizin, Humandesign- 64Keys Professional<\/p>\n<p>LindaAmadea Awe &#8211; Augenoptikermeisterin, Visual &amp; Kognitionstrainer, Begleiterin f\u00fcr bewusste Gesundheits- und Lebensprozesse<\/p>\n<p>Kontakt: linda@genialgesund.eu<span class=\"Apple-converted-space\">\u00a0 <\/span>@lindaamadeaawe<\/p>","protected":false},"excerpt":{"rendered":"<p>&nbsp; &nbsp; Warum erkranken Augen?\u00a0 Jenseits der rein k\u00f6rperlichen Symptome verbirgt sich oft eine tiefere, unbewusste Dynamik. Wir bauen in diesem Workshop die Br\u00fccke zwischen klassischer Schulmedizin und tiefgreifenden psychosomatischen [&hellip;]<\/p>","protected":false},"author":100048,"featured_media":5303,"comment_status":"closed","ping_status":"closed","template":"","tags":[],"mec_category":[196],"mec_speaker":[180],"class_list":["post-6171","mec-events","type-mec-events","status-publish","has-post-thumbnail","hentry","mec_category-workshop"],"publishpress_future_workflow_manual_trigger":{"enabledWorkflows":[]},"_links":{"self":[{"href":"https:\/\/5bn.at\/en\/wp-json\/wp\/v2\/mec-events\/6171","targetHints":{"allow":["GET"]}}],"collection":[{"href":"https:\/\/5bn.at\/en\/wp-json\/wp\/v2\/mec-events"}],"about":[{"href":"https:\/\/5bn.at\/en\/wp-json\/wp\/v2\/types\/mec-events"}],"author":[{"embeddable":true,"href":"https:\/\/5bn.at\/en\/wp-json\/wp\/v2\/users\/100048"}],"replies":[{"embeddable":true,"href":"https:\/\/5bn.at\/en\/wp-json\/wp\/v2\/comments?post=6171"}],"wp:featuredmedia":[{"embeddable":true,"href":"https:\/\/5bn.at\/en\/wp-json\/wp\/v2\/media\/5303"}],"wp:attachment":[{"href":"https:\/\/5bn.at\/en\/wp-json\/wp\/v2\/media?parent=6171"}],"wp:term":[{"taxonomy":"post_tag","embeddable":true,"href":"https:\/\/5bn.at\/en\/wp-json\/wp\/v2\/tags?post=6171"},{"taxonomy":"mec_category","embeddable":true,"href":"https:\/\/5bn.at\/en\/wp-json\/wp\/v2\/mec_category?post=6171"},{"taxonomy":"mec_speaker","embeddable":true,"href":"https:\/\/5bn.at\/en\/wp-json\/wp\/v2\/mec_speaker?post=6171"}],"curies":[{"name":"wp","href":"https:\/\/api.w.org\/{rel}","templated":true}]}}

<p>&nbsp;</p>
<p><a href="https://5bn.at/wp-content/uploads/2026/04/IMG_5087.jpeg"><img loading="lazy" decoding="async" class="alignnone size-medium wp-image-6170" src="https://5bn.at/wp-content/uploads/2026/04/IMG_5087-209x300.jpeg" alt="" width="209" height="300" srcset="https://5bn.at/wp-content/uploads/2026/04/IMG_5087-209x300.jpeg 209w, https://5bn.at/wp-content/uploads/2026/04/IMG_5087-713x1024.jpeg 713w, https://5bn.at/wp-content/uploads/2026/04/IMG_5087-768x1103.jpeg 768w, https://5bn.at/wp-content/uploads/2026/04/IMG_5087-8x12.jpeg 8w, https://5bn.at/wp-content/uploads/2026/04/IMG_5087-575x826.jpeg 575w, https://5bn.at/wp-content/uploads/2026/04/IMG_5087-380x546.jpeg 380w, https://5bn.at/wp-content/uploads/2026/04/IMG_5087-420x603.jpeg 420w, https://5bn.at/wp-content/uploads/2026/04/IMG_5087-800x1149.jpeg 800w, https://5bn.at/wp-content/uploads/2026/04/IMG_5087.jpeg 891w" sizes="auto, (max-width: 209px) 100vw, 209px" /></a></p>
<p>&nbsp;</p>
<p>Warum erkranken Augen?<span class="Apple-converted-space"> </span></p>
<p>Jenseits der rein körperlichen Symptome verbirgt sich oft eine tiefere, unbewusste Dynamik. Wir bauen in diesem Workshop die Brücke zwischen klassischer Schulmedizin und tiefgreifenden psychosomatischen sowie energetischen Erkenntnissen.</p>
<p>Die Schwerpunkte des Workshops:</p>
<p>• Bildaufnahme und Verarbeitung: Augenärztliches Verständnis der Augenfunktionen sowie Erkenntnisse aus dem Visual- und Kognitionstraining.</p>
<p>• Krankheitsbild: seelische Ursache von Erkrankungen der Augen: „Fehl“- Sichtigkeiten, grauer Star, grüner Star, Makuladegeneration, Bindehautentzündung und -Allergie, Gefässverschlüsse der Netzhaut.<span class="Apple-converted-space"> </span></p>
<p>• Selbstbild: Farben des Bewusstseins</p>
<p>• Zeitbild: Synchronisation &amp; Rhythmus: Astromedizin-wie sich die geburtliche Zeitsituation als Veranlagung für Augenerkrankungen zeigen kann.</p>
<p>📍 Teilnahme vor Ort: Öhringen bei HN Süddeutschland</p>
<p><span class="Apple-converted-space">      </span>Oder Online via Zoom‼️</p>
<p><span class="Apple-converted-space"> </span></p>
<p>Samstag 2.-Sonntag 3. Mai 2026</p>
<p>💶 Beitrag: 396,-<span class="Apple-converted-space"> </span></p>
<p>Optional buchbar: Freitag 1. Mai</p>
<p><span class="Apple-converted-space"> </span>🥁19.00 BigDrum-Reise mit Düften🌿 &amp; HeilStein💎 mit LindaAmadea</p>
<p>Wir erforschen integrative Wege zur Optimierung der Augenfunktionen im Zusammenspiel von Auge, Gehirn, Emotion &amp; Wahrnehmung.</p>
<p>Kwesi Anan Odum &#8211; Facharzt für Augenheilkunde, psychosomatische Grundversorgung und psychosom. Farbdiagnostik, Visual &amp; Kognitionstrainer, Astromedizin, Humandesign- 64Keys Professional</p>
<p>LindaAmadea Awe &#8211; Augenoptikermeisterin, Visual &amp; Kognitionstrainer, Begleiterin für bewusste Gesundheits- und Lebensprozesse</p>
<p>Kontakt: linda@genialgesund.eu<span class="Apple-converted-space">  </span>@lindaamadeaawe</p>

<p>&nbsp; &nbsp; Warum erkranken Augen?  Jenseits der rein körperlichen Symptome verbirgt sich oft eine tiefere, unbewusste Dynamik. Wir bauen in diesem Workshop die Brücke zwischen klassischer Schulmedizin und tiefgreifenden psychosomatischen [&hellip;]</p>
