{"id":6094,"date":"2026-04-02T14:07:19","date_gmt":"2026-04-02T12:07:19","guid":{"rendered":"https:\/\/5bn.at\/?post_type=mec-events&#038;p=6094"},"modified":"2026-04-02T14:07:19","modified_gmt":"2026-04-02T12:07:19","slug":"allergien-kinderkrankheiten-vortrag-von-michael-loidl-719-488","status":"publish","type":"mec-events","link":"https:\/\/5bn.at\/en\/events\/allergien-kinderkrankheiten-vortrag-von-michael-loidl-719-488\/","title":{"rendered":"Allergien &#038; Kinderkrankheiten &#8211; Seminar mit Michael Loidl"},"content":{"rendered":"<p><a href=\"https:\/\/5bn.at\/wp-content\/uploads\/2026\/04\/IMG_5045.jpeg\"><img loading=\"lazy\" decoding=\"async\" class=\"alignnone size-medium wp-image-6092\" src=\"https:\/\/5bn.at\/wp-content\/uploads\/2026\/04\/IMG_5045-212x300.jpeg\" alt=\"\" width=\"212\" height=\"300\" srcset=\"https:\/\/5bn.at\/wp-content\/uploads\/2026\/04\/IMG_5045-212x300.jpeg 212w, https:\/\/5bn.at\/wp-content\/uploads\/2026\/04\/IMG_5045-723x1024.jpeg 723w, https:\/\/5bn.at\/wp-content\/uploads\/2026\/04\/IMG_5045-768x1087.jpeg 768w, https:\/\/5bn.at\/wp-content\/uploads\/2026\/04\/IMG_5045-8x12.jpeg 8w, https:\/\/5bn.at\/wp-content\/uploads\/2026\/04\/IMG_5045-575x814.jpeg 575w, https:\/\/5bn.at\/wp-content\/uploads\/2026\/04\/IMG_5045-380x538.jpeg 380w, https:\/\/5bn.at\/wp-content\/uploads\/2026\/04\/IMG_5045-420x595.jpeg 420w, https:\/\/5bn.at\/wp-content\/uploads\/2026\/04\/IMG_5045-800x1133.jpeg 800w, https:\/\/5bn.at\/wp-content\/uploads\/2026\/04\/IMG_5045.jpeg 904w\" sizes=\"auto, (max-width: 212px) 100vw, 212px\" \/><\/a><\/p>\n<p>&#8222;Zwei Dinge sollten Kinder von ihren Eltern bekommen: Wurzeln und Fl\u00fcgel&#8220;<\/p>\n<p>Diese Herausforderung k\u00f6nnen mutige, erm\u00e4chtigte Eltern bew\u00e4ltigen, die sich informieren und aus dem Reich der Angst heraustreten.<\/p>\n<p>Nimm die Z\u00fcgel in die Hand und komm!<\/p>\n<p>F\u00fcr jeden verst\u00e4ndlich, auch ohne medizinische Kenntnisse, mit einer Prise Humor wird fachliches Wissen in diesem Seminar vermittelt.<\/p>\n<p>Wann: 30 und 31.05.2026, 10:00-18:00 Uhr<\/p>\n<p>Wo: Schloss Neubruck bei Scheibbs<\/p>\n<p>Thema: Germanische Heilkunde \u2013 Allergien &amp; Kinderkrankheiten<\/p>\n<p>Vortragender: Michael Loidl<\/p>\n<p>Eintritt: \u20ac200,- f\u00fcr beide Tage<\/p>\n<p>Anmeldung: +43 650 448 41 30 oder office@therapia.at (Pia Els)<\/p>","protected":false},"excerpt":{"rendered":"<p>&#8222;Zwei Dinge sollten Kinder von ihren Eltern bekommen: Wurzeln und Fl\u00fcgel&#8220; Diese Herausforderung k\u00f6nnen mutige, erm\u00e4chtigte Eltern bew\u00e4ltigen, die sich informieren und aus dem Reich der Angst heraustreten. Nimm die [&hellip;]<\/p>","protected":false},"author":100048,"featured_media":1227,"comment_status":"closed","ping_status":"closed","template":"","tags":[],"mec_category":[47],"mec_speaker":[81],"class_list":["post-6094","mec-events","type-mec-events","status-publish","has-post-thumbnail","hentry","mec_category-seminar"],"publishpress_future_workflow_manual_trigger":{"enabledWorkflows":[]},"_links":{"self":[{"href":"https:\/\/5bn.at\/en\/wp-json\/wp\/v2\/mec-events\/6094","targetHints":{"allow":["GET"]}}],"collection":[{"href":"https:\/\/5bn.at\/en\/wp-json\/wp\/v2\/mec-events"}],"about":[{"href":"https:\/\/5bn.at\/en\/wp-json\/wp\/v2\/types\/mec-events"}],"author":[{"embeddable":true,"href":"https:\/\/5bn.at\/en\/wp-json\/wp\/v2\/users\/100048"}],"replies":[{"embeddable":true,"href":"https:\/\/5bn.at\/en\/wp-json\/wp\/v2\/comments?post=6094"}],"wp:featuredmedia":[{"embeddable":true,"href":"https:\/\/5bn.at\/en\/wp-json\/wp\/v2\/media\/1227"}],"wp:attachment":[{"href":"https:\/\/5bn.at\/en\/wp-json\/wp\/v2\/media?parent=6094"}],"wp:term":[{"taxonomy":"post_tag","embeddable":true,"href":"https:\/\/5bn.at\/en\/wp-json\/wp\/v2\/tags?post=6094"},{"taxonomy":"mec_category","embeddable":true,"href":"https:\/\/5bn.at\/en\/wp-json\/wp\/v2\/mec_category?post=6094"},{"taxonomy":"mec_speaker","embeddable":true,"href":"https:\/\/5bn.at\/en\/wp-json\/wp\/v2\/mec_speaker?post=6094"}],"curies":[{"name":"wp","href":"https:\/\/api.w.org\/{rel}","templated":true}]}}

<p><a href="https://5bn.at/wp-content/uploads/2026/04/IMG_5045.jpeg"><img loading="lazy" decoding="async" class="alignnone size-medium wp-image-6092" src="https://5bn.at/wp-content/uploads/2026/04/IMG_5045-212x300.jpeg" alt="" width="212" height="300" srcset="https://5bn.at/wp-content/uploads/2026/04/IMG_5045-212x300.jpeg 212w, https://5bn.at/wp-content/uploads/2026/04/IMG_5045-723x1024.jpeg 723w, https://5bn.at/wp-content/uploads/2026/04/IMG_5045-768x1087.jpeg 768w, https://5bn.at/wp-content/uploads/2026/04/IMG_5045-8x12.jpeg 8w, https://5bn.at/wp-content/uploads/2026/04/IMG_5045-575x814.jpeg 575w, https://5bn.at/wp-content/uploads/2026/04/IMG_5045-380x538.jpeg 380w, https://5bn.at/wp-content/uploads/2026/04/IMG_5045-420x595.jpeg 420w, https://5bn.at/wp-content/uploads/2026/04/IMG_5045-800x1133.jpeg 800w, https://5bn.at/wp-content/uploads/2026/04/IMG_5045.jpeg 904w" sizes="auto, (max-width: 212px) 100vw, 212px" /></a></p>
<p>&#8222;Zwei Dinge sollten Kinder von ihren Eltern bekommen: Wurzeln und Flügel&#8220;</p>
<p>Diese Herausforderung können mutige, ermächtigte Eltern bewältigen, die sich informieren und aus dem Reich der Angst heraustreten.</p>
<p>Nimm die Zügel in die Hand und komm!</p>
<p>Für jeden verständlich, auch ohne medizinische Kenntnisse, mit einer Prise Humor wird fachliches Wissen in diesem Seminar vermittelt.</p>
<p>Wann: 30 und 31.05.2026, 10:00-18:00 Uhr</p>
<p>Wo: Schloss Neubruck bei Scheibbs</p>
<p>Thema: Germanische Heilkunde – Allergien &amp; Kinderkrankheiten</p>
<p>Vortragender: Michael Loidl</p>
<p>Eintritt: €200,- für beide Tage</p>
<p>Anmeldung: +43 650 448 41 30 oder office@therapia.at (Pia Els)</p>

<p>&#8222;Zwei Dinge sollten Kinder von ihren Eltern bekommen: Wurzeln und Flügel&#8220; Diese Herausforderung können mutige, ermächtigte Eltern bewältigen, die sich informieren und aus dem Reich der Angst heraustreten. Nimm die [&hellip;]</p>
